z be s(-1). Calculate the highest common divisor of z and 6.
2
Let n = 136 + -24. What is the highest common divisor of 16 and n?
16
Suppose 0 = 4*z + 2*p - 218, 3*z - 223 = -z - p. Calculate the highest common divisor of 19 and z.
19
Let a(m) = -m**3 + 9*m**2 - 6*m - 10. Suppose -q = 1, 5*q - 19 = -0*c - 3*c. Let w be a(c). Calculate the highest common factor of 4 and w.
2
Suppose 5*m - 2*b = 157 + 314, -4*b + 293 = 3*m. Suppose -5*w = 2*q - m, 5*q = -w + 177 + 95. Calculate the highest common divisor of 5 and q.
5
Suppose -d - 3*b + 2*b + 47 = 0, -3*d + 4*b = -162. Calculate the greatest common factor of d and 75.
25
Suppose 0 = -3*r - 2*l + 76, l - 2 + 48 = 2*r. Calculate the greatest common divisor of r and 60.
12
Suppose 0 = -t - a + 2, 2*a - 8 - 8 = -5*t. Calculate the greatest common factor of 32 and t.
4
Suppose 0 = 6*x - 4*x - 30. Let i be (-58)/(-4) - 1/(-2). What is the highest common factor of x and i?
15
Suppose 3 = m - 4*f, -f + 75 = 4*m + 4*f. Let v(w) = 2*w**2 + 11*w + 12. Let s be v(-9). What is the highest common divisor of s and m?
15
Let r(h) = -h**3 - 12*h**2 + 14*h + 1. Let u be r(-13). Let p = -3 - u. What is the greatest common divisor of 36 and p?
9
Let d be 8/(2/(-3)*-3). Suppose 42 = 5*f + 3*z - d*z, -5*z + 22 = 4*f. Calculate the highest common divisor of 8 and f.
8
Suppose -l - l = 0. Suppose -c + 2*c - 4 = l. Suppose c*o = -4*b + 72, 5*b + o = 2*o + 66. What is the greatest common divisor of b and 28?
14
Suppose 0*j - 6 = -3*j. Suppose -j*g + 0*g + 48 = 0. Let r = 3 - -3. Calculate the highest common factor of g and r.
6
Let z(d) = 32*d**2 + 4*d + 1. Let p be z(-1). What is the greatest common factor of p and 261?
29
Let a be (9/(-3) - -1) + 122. Suppose -d = -4*i + 72 - 14, 0 = 5*i - 3*d - 69. What is the highest common factor of a and i?
15
Let b be (6/(-9))/((-4)/150). What is the greatest common factor of 5 and b?
5
Let c be (0 - -1)/(4/20). Suppose -c*h + 115 = -85. Calculate the highest common divisor of h and 10.
10
Let w(t) = 4*t - 12. Suppose 4*p = 8*p - 32. Let y be w(p). Calculate the highest common divisor of 5 and y.
5
Let s(j) = -j**2 + 12*j - 17. Let m be s(8). Let h = m - 13. What is the highest common factor of h and 6?
2
Suppose 5*q - 150 = -l - 4*l, 5*q + 25 = 0. Suppose -4*v + f = -27, -5*v + 11 = -4*v + 4*f. Calculate the highest common divisor of l and v.
7
Suppose 0 = -i + 34 - 10. Suppose -2*j = j - i. Calculate the highest common factor of 56 and j.
8
Suppose 0 = -0*m - 2*m + 5*r + 34, -4*m + r = -68. Calculate the highest common divisor of m and 391.
17
Suppose 7*k - k - 168 = 0. Calculate the greatest common factor of k and 42.
14
Suppose 3*y - 10 = 2*y. Let o = 15 + y. What is the greatest common factor of o and 5?
5
Let s(w) = 0*w**3 + w + 2*w**2 - 8*w**3 + 0*w**3. Let r = -10 + 9. Let j be s(r). What is the greatest common factor of j and 99?
9
Let v(j) = -j - 11. Let i be v(-19). Let u(g) = g + 1. Let d be u(3). Calculate the greatest common factor of d and i.
4
Let d(i) = 3*i**3 - i**2 + 2. Let v be d(2). Suppose -o + 0*o + v = 0. Calculate the highest common factor of 2 and o.
2
Suppose 0 = 2*b - 66 - 104. What is the greatest common divisor of 34 and b?
17
Let s(w) be the second derivative of 7*w**3/6 + 5*w**2/2 - 4*w. Let o be s(5). What is the greatest common factor of o and 5?
5
Let r(z) = z**2 - 5*z - 24. Let h be r(12). Calculate the highest common divisor of h and 15.
15
Suppose -n + 3*n = -6. Let u be 16/n*6/(-4). Calculate the greatest common factor of 80 and u.
8
Let y(t) = t**2 + t - 2. Suppose -5*v - 2*r + 18 = 0, -7*v + 15 = -2*v + 5*r. Let a = v + -1. Let x be y(a). What is the greatest common factor of 10 and x?
10
Let o = -3 + 3. Let t be -1*((o - 62) + -2). What is the highest common factor of 8 and t?
8
Suppose -8 = 5*z - 3, 4*z + 42 = m. Suppose 0 = 2*i + 4*x - m, -53 = -0*i - 2*i - x. Calculate the highest common factor of i and 145.
29
Let l be (22 + 1)/((-24)/(-24)). What is the greatest common divisor of 23 and l?
23
Suppose t + 20 = 6*t. Suppose 14 = k - 3*r, -4*r - 8 - 64 = -t*k. What is the greatest common factor of k and 20?
20
Let h = 1 - -4. Suppose -4*l - 3*x - h = 2, -4*x - 5 = l. Let c be -2 + 3 - 7/l. Calculate the highest common factor of c and 40.
8
Let k = 8 - 6. Suppose 0 = 2*j + 3*x - 27 - 0, -3*j + k*x + 47 = 0. Let m be 595/10 - (-1)/2. What is the greatest common factor of j and m?
15
Suppose -w = -3*a + 18, -7*w + 8 = 4*a - 3*w. Suppose -71 = 4*k - 291. What is the greatest common factor of a and k?
5
Let z = -45 - -84. Calculate the greatest common divisor of 273 and z.
39
Suppose -3*p + 2*p + 12 = 0. Let f = 66 + p. Calculate the greatest common divisor of 13 and f.
13
Let f(q) = q**2 + 6*q + 1. Suppose t = -3*t - 36. Let z be f(t). Calculate the highest common factor of 7 and z.
7
Suppose z = 9*z - 112. Let l be ((-7)/4 + 1)*-796. Suppose 0 = -3*g - 219 + l. What is the greatest common divisor of z and g?
14
Let t be -10 + -2 - (-1 - 0). Let o = t - -18. Suppose 0 = -q + 2*q - 14. What is the highest common divisor of q and o?
7
Let j = 153 + -152. What is the greatest common divisor of j and 2?
1
Suppose 3*z + z - 60 = 0. What is the highest common factor of 60 and z?
15
Suppose -3*z - z = 0. Let o be 2 + z + 0 - 0. Suppose 2*f - k = -2, -o*f - f = -4*k + 13. Calculate the highest common divisor of 9 and f.
1
Let q = 1 + 779. Suppose 4*w + 0*b = 3*b + 597, 0 = 5*w + 3*b - q. What is the highest common factor of 17 and w?
17
Let h(t) = 2*t - 6. Let d be h(7). Let c be (-188)/(-6) + (-4)/(-6). Calculate the greatest common divisor of c and d.
8
Let y(c) = 8*c - 8. Let j be y(7). Suppose -4*l - j = -304. Calculate the greatest common divisor of 160 and l.
32
Suppose 2*o + 3*a + a = 56, 5*a + 73 = 3*o. Let v be o*(-1)/(-2) - 0. Let l = -116 + 259. What is the highest common factor of v and l?
13
Suppose -28 = -z - 0*z. What is the greatest common divisor of 252 and z?
28
Let g = 2 + -11. Let c = -20 - g. Let y be c/33 + 86/6. What is the greatest common factor of 70 and y?
14
Let d = 1 - -1. Suppose -6*u + 2 + 10 = 0. Calculate the greatest common factor of d and u.
2
Let g(q) = 2*q - 5. Let k be g(5). Suppose k*b = -0*b + 325. What is the greatest common divisor of b and 13?
13
Suppose -3*b - 28 = b + 3*s, -3*b = 5*s + 32. Let m(h) = -2*h. Let n be m(b). Calculate the highest common divisor of n and 2.
2
Let r(g) = 2*g**3 - 2*g**2 - 1. Let b be r(2). Let w be -2 - 2*(0 - 2). Suppose 0*q + w*q = 28. Calculate the greatest common divisor of b and q.
7
Suppose 15 = 2*m - 7. Let j be (-10 - -8)*(-1)/((-4)/(-22)). What is the greatest common factor of j and m?
11
Let f be (-2)/((-6)/201) + -4. Calculate the greatest common factor of f and 7.
7
Let a = 30 + 0. What is the greatest common factor of 240 and a?
30
Suppose -5*r = -20, 5*p + r + 0 - 54 = 0. Calculate the highest common divisor of 15 and p.
5
Suppose -4*n + 4 = 0, 2*n + 13 = g - n. What is the greatest common divisor of 2 and g?
2
Let n be 16/40 - 223/(-5). Calculate the highest common divisor of n and 30.
15
Let y(s) = 4*s**2 + 2*s + 2. Let b be y(-1). Calculate the greatest common divisor of b and 28.
4
Suppose 182 = 18*k - 11*k. What is the highest common divisor of 39 and k?
13
Suppose 2*d + 4*w = 4*d - 12, -5*d + w = -39. Suppose 2*m + 3*y - d = 0, -m + 4*m + 4*y - 12 = 0. What is the highest common factor of 2 and m?
2
Let r(o) = o**3 + 26*o**2 + 6. Let s be r(-26). Calculate the highest common factor of s and 48.
6
Suppose 3*w + 5*f - 21 = 48, -5*w + 4*f + 78 = 0. Let a = 16 - -11. What is the highest common divisor of a and w?
9
Let c(f) be the first derivative of 2*f**2 - 2*f - 1. Let h be c(3). Calculate the highest common factor of h and 20.
10
Let l(i) be the first derivative of -i**4/4 + 2*i**3 - 10*i + 5. Let p be l(5). Calculate the highest common factor of 5 and p.
5
Suppose -72 + 2 = -7*k. Suppose -2*g = -9 - 3. Suppose -m + 9 = -g. What is the highest common factor of m and k?
5
Let s(n) = -37*n - 24. Let x be s(-3). Calculate the greatest common divisor of x and 29.
29
Let u be -10*(-2)/(-2*2). Let o(t) = t**2 + 5*t + 2. Let p be o(u). What is the highest common divisor of 8 and p?
2
Suppose 4*d - 2 = 3*d. Suppose 0 = d*s + 2, 2 = -x - 2*s + 3. Calculate the hi